{"id":4803,"date":"2024-01-15T16:18:42","date_gmt":"2024-01-15T13:18:42","guid":{"rendered":"https:\/\/devel2.wp.eduead.com.br\/?page_id=4803"},"modified":"2024-08-01T16:26:20","modified_gmt":"2024-08-01T13:26:20","slug":"faturamento-detalhado","status":"publish","type":"page","link":"https:\/\/partner.grupodirectweb.com.br\/index.php\/faturamento-detalhado\/","title":{"rendered":"Faturamento detalhado"},"content":{"rendered":"\t\t<div data-elementor-type=\"wp-page\" data-elementor-id=\"4803\" class=\"elementor elementor-4803\" data-elementor-post-type=\"page\">\n\t\t\t\t<div class=\"elementor-element elementor-element-5f4b667e e-con-full e-flex e-con e-parent\" data-id=\"5f4b667e\" data-element_type=\"container\" data-e-type=\"container\" data-settings=\"{&quot;background_background&quot;:&quot;classic&quot;}\">\n\t\t<div class=\"elementor-element elementor-element-359c3ebf e-con-full e-flex e-con e-child\" data-id=\"359c3ebf\" data-element_type=\"container\" data-e-type=\"container\">\n\t\t\t\t<div class=\"elementor-element elementor-element-149f9372 elementor-widget__width-initial elementor-widget elementor-widget-image\" data-id=\"149f9372\" data-element_type=\"widget\" data-e-type=\"widget\" data-widget_type=\"image.default\">\n\t\t\t\t<div class=\"elementor-widget-container\">\n\t\t\t\t\t\t\t\t\t\t\t\t\t\t\t\t<a href=\"https:\/\/saleschannels.com.br\/\">\n\t\t\t\t\t\t\t<img fetchpriority=\"high\" decoding=\"async\" width=\"768\" height=\"160\" src=\"https:\/\/partner.grupodirectweb.com.br\/wp-content\/uploads\/2023\/11\/sc_afiliados-768x160.png\" class=\"attachment-medium_large size-medium_large wp-image-26\" alt=\"\" srcset=\"https:\/\/partner.grupodirectweb.com.br\/wp-content\/uploads\/2023\/11\/sc_afiliados-768x160.png 768w, https:\/\/partner.grupodirectweb.com.br\/wp-content\/uploads\/2023\/11\/sc_afiliados-300x62.png 300w, https:\/\/partner.grupodirectweb.com.br\/wp-content\/uploads\/2023\/11\/sc_afiliados-1024x213.png 1024w, https:\/\/partner.grupodirectweb.com.br\/wp-content\/uploads\/2023\/11\/sc_afiliados-1536x320.png 1536w, https:\/\/partner.grupodirectweb.com.br\/wp-content\/uploads\/2023\/11\/sc_afiliados-2048x426.png 2048w\" sizes=\"(max-width: 768px) 100vw, 768px\" \/>\t\t\t\t\t\t\t\t<\/a>\n\t\t\t\t\t\t\t\t\t\t\t\t\t\t\t<\/div>\n\t\t\t\t<\/div>\n\t\t\t\t<\/div>\n\t\t<div class=\"elementor-element elementor-element-e055a77 e-con-full e-flex e-con e-child\" data-id=\"e055a77\" data-element_type=\"container\" data-e-type=\"container\">\n\t\t<div class=\"elementor-element elementor-element-68697764 e-flex e-con-boxed e-con e-child\" data-id=\"68697764\" data-element_type=\"container\" data-e-type=\"container\">\n\t\t\t\t\t<div class=\"e-con-inner\">\n\t\t<div class=\"elementor-element elementor-element-4be0ebe3 e-con-full e-flex e-con e-child\" data-id=\"4be0ebe3\" data-element_type=\"container\" data-e-type=\"container\">\n\t\t\t\t<div class=\"elementor-element elementor-element-51d8c40b elementor-align-left elementor-widget elementor-widget-button\" data-id=\"51d8c40b\" data-element_type=\"widget\" data-e-type=\"widget\" data-widget_type=\"button.default\">\n\t\t\t\t<div class=\"elementor-widget-container\">\n\t\t\t\t\t\t\t\t\t<div class=\"elementor-button-wrapper\">\n\t\t\t\t\t<a class=\"elementor-button elementor-button-link elementor-size-sm\" href=\"https:\/\/saleschannels.com.br\/index.php\/indicacoes\/\">\n\t\t\t\t\t\t<span class=\"elementor-button-content-wrapper\">\n\t\t\t\t\t\t\t\t\t<span class=\"elementor-button-text\">Indica\u00e7\u00f5es<\/span>\n\t\t\t\t\t<\/span>\n\t\t\t\t\t<\/a>\n\t\t\t\t<\/div>\n\t\t\t\t\t\t\t\t<\/div>\n\t\t\t\t<\/div>\n\t\t\t\t<\/div>\n\t\t<div class=\"elementor-element elementor-element-6a0ba8f4 e-con-full e-flex e-con e-child\" data-id=\"6a0ba8f4\" data-element_type=\"container\" data-e-type=\"container\">\n\t\t\t\t<div class=\"elementor-element elementor-element-6a6a8b59 elementor-align-left elementor-widget elementor-widget-button\" data-id=\"6a6a8b59\" data-element_type=\"widget\" data-e-type=\"widget\" data-widget_type=\"button.default\">\n\t\t\t\t<div class=\"elementor-widget-container\">\n\t\t\t\t\t\t\t\t\t<div class=\"elementor-button-wrapper\">\n\t\t\t\t\t<a class=\"elementor-button elementor-button-link elementor-size-sm\" href=\"https:\/\/saleschannels.com.br\/index.php\/produtos\/\">\n\t\t\t\t\t\t<span class=\"elementor-button-content-wrapper\">\n\t\t\t\t\t\t\t\t\t<span class=\"elementor-button-text\">Produtos<\/span>\n\t\t\t\t\t<\/span>\n\t\t\t\t\t<\/a>\n\t\t\t\t<\/div>\n\t\t\t\t\t\t\t\t<\/div>\n\t\t\t\t<\/div>\n\t\t\t\t<\/div>\n\t\t<div class=\"elementor-element elementor-element-fb4d5b7 e-con-full e-flex e-con e-child\" data-id=\"fb4d5b7\" data-element_type=\"container\" data-e-type=\"container\">\n\t\t\t\t<div class=\"elementor-element elementor-element-4e81ba7d elementor-align-left elementor-widget elementor-widget-button\" data-id=\"4e81ba7d\" data-element_type=\"widget\" data-e-type=\"widget\" data-widget_type=\"button.default\">\n\t\t\t\t<div class=\"elementor-widget-container\">\n\t\t\t\t\t\t\t\t\t<div class=\"elementor-button-wrapper\">\n\t\t\t\t\t<a class=\"elementor-button elementor-button-link elementor-size-sm\" href=\"https:\/\/saleschannels.com.br\/index.php\/suporte\/\">\n\t\t\t\t\t\t<span class=\"elementor-button-content-wrapper\">\n\t\t\t\t\t\t\t\t\t<span class=\"elementor-button-text\">Suporte<\/span>\n\t\t\t\t\t<\/span>\n\t\t\t\t\t<\/a>\n\t\t\t\t<\/div>\n\t\t\t\t\t\t\t\t<\/div>\n\t\t\t\t<\/div>\n\t\t\t\t<\/div>\n\t\t<div class=\"elementor-element elementor-element-6c21cb1 e-con-full e-flex e-con e-child\" data-id=\"6c21cb1\" data-element_type=\"container\" data-e-type=\"container\">\n\t\t\t\t<div class=\"elementor-element elementor-element-17d93350 elementor-align-left elementor-widget elementor-widget-button\" data-id=\"17d93350\" data-element_type=\"widget\" data-e-type=\"widget\" data-widget_type=\"button.default\">\n\t\t\t\t<div class=\"elementor-widget-container\">\n\t\t\t\t\t\t\t\t\t<div class=\"elementor-button-wrapper\">\n\t\t\t\t\t<a class=\"elementor-button elementor-button-link elementor-size-sm\" href=\"https:\/\/saleschannels.com.br\/index.php\/servicos\/\">\n\t\t\t\t\t\t<span class=\"elementor-button-content-wrapper\">\n\t\t\t\t\t\t\t\t\t<span class=\"elementor-button-text\">Servi\u00e7os<\/span>\n\t\t\t\t\t<\/span>\n\t\t\t\t\t<\/a>\n\t\t\t\t<\/div>\n\t\t\t\t\t\t\t\t<\/div>\n\t\t\t\t<\/div>\n\t\t\t\t<\/div>\n\t\t\t\t\t<\/div>\n\t\t\t\t<\/div>\n\t\t\t\t<\/div>\n\t\t\t\t<\/div>\n\t\t<div class=\"elementor-element elementor-element-6f3dbb73 e-con-full e-flex e-con e-parent\" data-id=\"6f3dbb73\" data-element_type=\"container\" data-e-type=\"container\" data-settings=\"{&quot;background_background&quot;:&quot;gradient&quot;}\">\n\t\t<div class=\"elementor-element elementor-element-7f7b0b5 e-flex e-con-boxed e-con e-child\" data-id=\"7f7b0b5\" data-element_type=\"container\" data-e-type=\"container\">\n\t\t\t\t\t<div class=\"e-con-inner\">\n\t\t<div class=\"elementor-element elementor-element-83cbfcd e-con-full e-flex e-con e-child\" data-id=\"83cbfcd\" data-element_type=\"container\" data-e-type=\"container\">\n\t\t\t\t<div class=\"elementor-element elementor-element-50b1bae elementor-widget elementor-widget-html\" data-id=\"50b1bae\" data-element_type=\"widget\" data-e-type=\"widget\" data-widget_type=\"html.default\">\n\t\t\t\t<div class=\"elementor-widget-container\">\n\t\t\t\t\t<script>\n    document.getElementById('botao_back').addEventListener('click', function() {\n    history.go(-1);\n  });\n<\/script>\t\t\t\t<\/div>\n\t\t\t\t<\/div>\n\t\t\t\t<\/div>\n\t\t\t\t\t<\/div>\n\t\t\t\t<\/div>\n\t\t<div class=\"elementor-element elementor-element-544d0cf8 e-con-full e-flex e-con e-child\" data-id=\"544d0cf8\" data-element_type=\"container\" data-e-type=\"container\">\n\t\t<div class=\"elementor-element elementor-element-7b8c78c1 e-flex e-con-boxed e-con e-child\" data-id=\"7b8c78c1\" data-element_type=\"container\" data-e-type=\"container\" data-settings=\"{&quot;background_background&quot;:&quot;classic&quot;}\">\n\t\t\t\t\t<div class=\"e-con-inner\">\n\t\t<div class=\"elementor-element elementor-element-6ce303ba e-con-full e-flex e-con e-child\" data-id=\"6ce303ba\" data-element_type=\"container\" data-e-type=\"container\" data-settings=\"{&quot;background_background&quot;:&quot;classic&quot;}\">\n\t\t<div class=\"elementor-element elementor-element-1bf0eebb e-flex e-con-boxed e-con e-child\" data-id=\"1bf0eebb\" data-element_type=\"container\" data-e-type=\"container\">\n\t\t\t\t\t<div class=\"e-con-inner\">\n\t\t\t\t<div class=\"elementor-element elementor-element-5e216477 elementor-widget elementor-widget-heading\" data-id=\"5e216477\" data-element_type=\"widget\" data-e-type=\"widget\" data-widget_type=\"heading.default\">\n\t\t\t\t<div class=\"elementor-widget-container\">\n\t\t\t\t\t<h2 class=\"elementor-heading-title elementor-size-default\">Faturamento Detalhado<\/h2>\t\t\t\t<\/div>\n\t\t\t\t<\/div>\n\t\t\t\t\t<\/div>\n\t\t\t\t<\/div>\n\t\t<div class=\"elementor-element elementor-element-d662f88 e-con-full e-flex e-con e-child\" data-id=\"d662f88\" data-element_type=\"container\" data-e-type=\"container\">\n\t\t<div class=\"elementor-element elementor-element-1f9bdc3 e-flex e-con-boxed e-con e-child\" data-id=\"1f9bdc3\" data-element_type=\"container\" data-e-type=\"container\">\n\t\t\t\t\t<div class=\"e-con-inner\">\n\t\t<div class=\"elementor-element elementor-element-2dd723b6 e-flex e-con-boxed e-con e-child\" data-id=\"2dd723b6\" data-element_type=\"container\" data-e-type=\"container\">\n\t\t\t\t\t<div class=\"e-con-inner\">\n\t\t\t\t<div class=\"elementor-element elementor-element-22d9b3b2 elementor-widget elementor-widget-shortcode\" data-id=\"22d9b3b2\" data-element_type=\"widget\" data-e-type=\"widget\" data-widget_type=\"shortcode.default\">\n\t\t\t\t<div class=\"elementor-widget-container\">\n\t\t\t\t\t\t\t<div class=\"elementor-shortcode\"><span style=\"font-size: 25px; color: #54595F; font-weight: 600;\">R$1000,00<\/span><\/div>\n\t\t\t\t\t\t<\/div>\n\t\t\t\t<\/div>\n\t\t\t\t<div class=\"elementor-element elementor-element-4fa88c14 elementor-widget elementor-widget-heading\" data-id=\"4fa88c14\" data-element_type=\"widget\" data-e-type=\"widget\" data-widget_type=\"heading.default\">\n\t\t\t\t<div class=\"elementor-widget-container\">\n\t\t\t\t\t<h2 class=\"elementor-heading-title elementor-size-default\">Total<\/h2>\t\t\t\t<\/div>\n\t\t\t\t<\/div>\n\t\t\t\t\t<\/div>\n\t\t\t\t<\/div>\n\t\t<div class=\"elementor-element elementor-element-1001b124 e-flex e-con-boxed e-con e-child\" data-id=\"1001b124\" data-element_type=\"container\" data-e-type=\"container\">\n\t\t\t\t\t<div class=\"e-con-inner\">\n\t\t\t\t<div class=\"elementor-element elementor-element-4fb4415d elementor-widget elementor-widget-shortcode\" data-id=\"4fb4415d\" data-element_type=\"widget\" data-e-type=\"widget\" data-widget_type=\"shortcode.default\">\n\t\t\t\t<div class=\"elementor-widget-container\">\n\t\t\t\t\t\t\t<div class=\"elementor-shortcode\"><span style=\"font-size: 25px; color: #54595F; font-weight: 600;\">R$1000,00<\/span><\/div>\n\t\t\t\t\t\t<\/div>\n\t\t\t\t<\/div>\n\t\t\t\t<div class=\"elementor-element elementor-element-292d3b9b elementor-widget elementor-widget-heading\" data-id=\"292d3b9b\" data-element_type=\"widget\" data-e-type=\"widget\" data-widget_type=\"heading.default\">\n\t\t\t\t<div class=\"elementor-widget-container\">\n\t\t\t\t\t<h2 class=\"elementor-heading-title elementor-size-default\">P.Fisica<\/h2>\t\t\t\t<\/div>\n\t\t\t\t<\/div>\n\t\t\t\t\t<\/div>\n\t\t\t\t<\/div>\n\t\t<div class=\"elementor-element elementor-element-b4ac331 e-flex e-con-boxed e-con e-child\" data-id=\"b4ac331\" data-element_type=\"container\" data-e-type=\"container\">\n\t\t\t\t\t<div class=\"e-con-inner\">\n\t\t\t\t<div class=\"elementor-element elementor-element-5eefdaee elementor-widget elementor-widget-shortcode\" data-id=\"5eefdaee\" data-element_type=\"widget\" data-e-type=\"widget\" data-widget_type=\"shortcode.default\">\n\t\t\t\t<div class=\"elementor-widget-container\">\n\t\t\t\t\t\t\t<div class=\"elementor-shortcode\"><span style=\"font-size: 25px; color: #54595F; font-weight: 600;\">R$0,00<\/span><\/div>\n\t\t\t\t\t\t<\/div>\n\t\t\t\t<\/div>\n\t\t\t\t<div class=\"elementor-element elementor-element-61df74cd elementor-widget elementor-widget-heading\" data-id=\"61df74cd\" data-element_type=\"widget\" data-e-type=\"widget\" data-widget_type=\"heading.default\">\n\t\t\t\t<div class=\"elementor-widget-container\">\n\t\t\t\t\t<h2 class=\"elementor-heading-title elementor-size-default\">P. Juridica<\/h2>\t\t\t\t<\/div>\n\t\t\t\t<\/div>\n\t\t\t\t\t<\/div>\n\t\t\t\t<\/div>\n\t\t\t\t\t<\/div>\n\t\t\t\t<\/div>\n\t\t\t\t<\/div>\n\t\t<div class=\"elementor-element elementor-element-6d38234d e-con-full e-flex e-con e-child\" data-id=\"6d38234d\" data-element_type=\"container\" data-e-type=\"container\">\n\t\t<div class=\"elementor-element elementor-element-1ed34256 e-flex e-con-boxed e-con e-child\" data-id=\"1ed34256\" data-element_type=\"container\" data-e-type=\"container\">\n\t\t\t\t\t<div class=\"e-con-inner\">\n\t\t\t\t<div class=\"elementor-element elementor-element-2278113a elementor-widget elementor-widget-heading\" data-id=\"2278113a\" data-element_type=\"widget\" data-e-type=\"widget\" data-widget_type=\"heading.default\">\n\t\t\t\t<div class=\"elementor-widget-container\">\n\t\t\t\t\t<h2 class=\"elementor-heading-title elementor-size-default\">Acompanhe o seu faturamento.<\/h2>\t\t\t\t<\/div>\n\t\t\t\t<\/div>\n\t\t\t\t<div class=\"elementor-element elementor-element-10c63059 elementor-widget elementor-widget-heading\" data-id=\"10c63059\" data-element_type=\"widget\" data-e-type=\"widget\" data-widget_type=\"heading.default\">\n\t\t\t\t<div class=\"elementor-widget-container\">\n\t\t\t\t\t<h2 class=\"elementor-heading-title elementor-size-default\">Caso tenho algo de errado com suas comis\u00f5es, em contato: desenvolvimento@grupodirectweb.com.br<\/h2>\t\t\t\t<\/div>\n\t\t\t\t<\/div>\n\t\t\t\t\t<\/div>\n\t\t\t\t<\/div>\n\t\t<div class=\"elementor-element elementor-element-38068f0 e-flex e-con-boxed e-con e-child\" data-id=\"38068f0\" data-element_type=\"container\" data-e-type=\"container\" data-settings=\"{&quot;background_background&quot;:&quot;classic&quot;}\">\n\t\t\t\t\t<div class=\"e-con-inner\">\n\t\t<div class=\"elementor-element elementor-element-dda7c1b e-flex e-con-boxed e-con e-child\" data-id=\"dda7c1b\" data-element_type=\"container\" data-e-type=\"container\">\n\t\t\t\t\t<div class=\"e-con-inner\">\n\t\t\t\t<div class=\"elementor-element elementor-element-7fa753f elementor-widget elementor-widget-heading\" data-id=\"7fa753f\" data-element_type=\"widget\" data-e-type=\"widget\" data-widget_type=\"heading.default\">\n\t\t\t\t<div class=\"elementor-widget-container\">\n\t\t\t\t\t<h2 class=\"elementor-heading-title elementor-size-default\">Nome<\/h2>\t\t\t\t<\/div>\n\t\t\t\t<\/div>\n\t\t\t\t<div class=\"elementor-element elementor-element-6d14cf2 elementor-widget elementor-widget-shortcode\" data-id=\"6d14cf2\" data-element_type=\"widget\" data-e-type=\"widget\" data-widget_type=\"shortcode.default\">\n\t\t\t\t<div class=\"elementor-widget-container\">\n\t\t\t\t\t\t\t<div class=\"elementor-shortcode\"><div class=\"components\" style=\"color: black; font-family: montserrat; font-weight: bold; display: flex; justify-content: center;\"><span style=\"font-size: 25px; color: #FF4D00;\">Lucas Vinicius Oliveira Galindo Aruansan<\/span><br><\/span><\/div><br><\/div>\n\t\t\t\t\t\t<\/div>\n\t\t\t\t<\/div>\n\t\t\t\t\t<\/div>\n\t\t\t\t<\/div>\n\t\t<div class=\"elementor-element elementor-element-a0f04ef e-flex e-con-boxed e-con e-child\" data-id=\"a0f04ef\" data-element_type=\"container\" data-e-type=\"container\">\n\t\t\t\t\t<div class=\"e-con-inner\">\n\t\t\t\t<div class=\"elementor-element elementor-element-696eae4 elementor-widget elementor-widget-heading\" data-id=\"696eae4\" data-element_type=\"widget\" data-e-type=\"widget\" data-widget_type=\"heading.default\">\n\t\t\t\t<div class=\"elementor-widget-container\">\n\t\t\t\t\t<h2 class=\"elementor-heading-title elementor-size-default\">Tipo<\/h2>\t\t\t\t<\/div>\n\t\t\t\t<\/div>\n\t\t\t\t<div class=\"elementor-element elementor-element-fcaa03a elementor-widget elementor-widget-shortcode\" data-id=\"fcaa03a\" data-element_type=\"widget\" data-e-type=\"widget\" data-widget_type=\"shortcode.default\">\n\t\t\t\t<div class=\"elementor-widget-container\">\n\t\t\t\t\t\t\t<div class=\"elementor-shortcode\"><div class=\"components\" style=\"color: black; font-family: montserrat; font-weight: bold; display: flex; justify-content: center;\"><span style=\"color: #FF4D00 ; font-size: 25px\"> Pessoa Fisica<\/span><br><\/span><\/div><br><\/div>\n\t\t\t\t\t\t<\/div>\n\t\t\t\t<\/div>\n\t\t\t\t\t<\/div>\n\t\t\t\t<\/div>\n\t\t<div class=\"elementor-element elementor-element-bf215d1 e-flex e-con-boxed e-con e-child\" data-id=\"bf215d1\" data-element_type=\"container\" data-e-type=\"container\">\n\t\t\t\t\t<div class=\"e-con-inner\">\n\t\t\t\t<div class=\"elementor-element elementor-element-aec5819 elementor-widget elementor-widget-heading\" data-id=\"aec5819\" data-element_type=\"widget\" data-e-type=\"widget\" data-widget_type=\"heading.default\">\n\t\t\t\t<div class=\"elementor-widget-container\">\n\t\t\t\t\t<h2 class=\"elementor-heading-title elementor-size-default\">Comiss\u00e3o<\/h2>\t\t\t\t<\/div>\n\t\t\t\t<\/div>\n\t\t\t\t<div class=\"elementor-element elementor-element-02dd79e elementor-widget elementor-widget-shortcode\" data-id=\"02dd79e\" data-element_type=\"widget\" data-e-type=\"widget\" data-widget_type=\"shortcode.default\">\n\t\t\t\t<div class=\"elementor-widget-container\">\n\t\t\t\t\t\t\t<div class=\"elementor-shortcode\"><div class=\"components\" style=\"color: black; font-family: montserrat; font-weight: bold; display: flex; justify-content: center;\"><span style=\"color: #FF4D00 ;font-size: 25px\"><span style=\"color: #02fa40\">R$166.67<\/span><\/span><\/div><br><\/div>\n\t\t\t\t\t\t<\/div>\n\t\t\t\t<\/div>\n\t\t\t\t\t<\/div>\n\t\t\t\t<\/div>\n\t\t<div class=\"elementor-element elementor-element-82dd2dc e-flex e-con-boxed e-con e-child\" data-id=\"82dd2dc\" data-element_type=\"container\" data-e-type=\"container\">\n\t\t\t\t\t<div class=\"e-con-inner\">\n\t\t\t\t<div class=\"elementor-element elementor-element-7234048 elementor-widget elementor-widget-heading\" data-id=\"7234048\" data-element_type=\"widget\" data-e-type=\"widget\" data-widget_type=\"heading.default\">\n\t\t\t\t<div class=\"elementor-widget-container\">\n\t\t\t\t\t<h2 class=\"elementor-heading-title elementor-size-default\">Parcelas<\/h2>\t\t\t\t<\/div>\n\t\t\t\t<\/div>\n\t\t\t\t<div class=\"elementor-element elementor-element-f512412 elementor-widget elementor-widget-shortcode\" data-id=\"f512412\" data-element_type=\"widget\" data-e-type=\"widget\" data-widget_type=\"shortcode.default\">\n\t\t\t\t<div class=\"elementor-widget-container\">\n\t\t\t\t\t\t\t<div class=\"elementor-shortcode\"><div class=\"components\" style=\"color: black; font-family: montserrat; font-weight: bold; display: flex; justify-content: center;\"><span style=\"color: #FF4D00; font-size:25px\"> (4\/6)<\/span><\/span><\/div><br><\/div>\n\t\t\t\t\t\t<\/div>\n\t\t\t\t<\/div>\n\t\t\t\t\t<\/div>\n\t\t\t\t<\/div>\n\t\t\t\t\t<\/div>\n\t\t\t\t<\/div>\n\t\t\t\t<\/div>\n\t\t\t\t<\/div>\n\t\t\t\t\t<\/div>\n\t\t\t\t<\/div>\n\t\t\t\t<\/div>\n\t\t\t\t<\/div>\n\t\t<div class=\"elementor-element elementor-element-39a04091 e-flex e-con-boxed e-con e-parent\" data-id=\"39a04091\" data-element_type=\"container\" data-e-type=\"container\" data-settings=\"{&quot;background_background&quot;:&quot;classic&quot;}\">\n\t\t\t\t\t<div class=\"e-con-inner\">\n\t\t<div class=\"elementor-element elementor-element-934aec0 e-con-full e-flex e-con e-child\" data-id=\"934aec0\" data-element_type=\"container\" data-e-type=\"container\">\n\t\t\t\t<div class=\"elementor-element elementor-element-c96b87e elementor-widget__width-inherit elementor-widget elementor-widget-image\" data-id=\"c96b87e\" data-element_type=\"widget\" data-e-type=\"widget\" data-widget_type=\"image.default\">\n\t\t\t\t<div class=\"elementor-widget-container\">\n\t\t\t\t\t\t\t\t\t\t\t\t\t\t\t\t<a href=\"https:\/\/partner.grupodirectweb.com.br\">\n\t\t\t\t\t\t\t<img decoding=\"async\" width=\"4884\" height=\"1017\" src=\"https:\/\/partner.grupodirectweb.com.br\/wp-content\/uploads\/2023\/11\/sc_afiliados.png\" class=\"attachment-full size-full wp-image-26\" alt=\"\" srcset=\"https:\/\/partner.grupodirectweb.com.br\/wp-content\/uploads\/2023\/11\/sc_afiliados.png 4884w, https:\/\/partner.grupodirectweb.com.br\/wp-content\/uploads\/2023\/11\/sc_afiliados-300x62.png 300w, https:\/\/partner.grupodirectweb.com.br\/wp-content\/uploads\/2023\/11\/sc_afiliados-1024x213.png 1024w, https:\/\/partner.grupodirectweb.com.br\/wp-content\/uploads\/2023\/11\/sc_afiliados-768x160.png 768w, https:\/\/partner.grupodirectweb.com.br\/wp-content\/uploads\/2023\/11\/sc_afiliados-1536x320.png 1536w, https:\/\/partner.grupodirectweb.com.br\/wp-content\/uploads\/2023\/11\/sc_afiliados-2048x426.png 2048w\" sizes=\"(max-width: 4884px) 100vw, 4884px\" \/>\t\t\t\t\t\t\t\t<\/a>\n\t\t\t\t\t\t\t\t\t\t\t\t\t\t\t<\/div>\n\t\t\t\t<\/div>\n\t\t<div class=\"elementor-element elementor-element-d647ace e-con-full e-flex e-con e-child\" data-id=\"d647ace\" data-element_type=\"container\" data-e-type=\"container\">\n\t\t<div class=\"elementor-element elementor-element-73c33174 e-flex e-con-boxed e-con e-child\" data-id=\"73c33174\" data-element_type=\"container\" data-e-type=\"container\">\n\t\t\t\t\t<div class=\"e-con-inner\">\n\t\t\t\t<div class=\"elementor-element elementor-element-17657b56 elementor-widget elementor-widget-heading\" data-id=\"17657b56\" data-element_type=\"widget\" data-e-type=\"widget\" data-widget_type=\"heading.default\">\n\t\t\t\t<div class=\"elementor-widget-container\">\n\t\t\t\t\t<h4 class=\"elementor-heading-title elementor-size-default\">SALES.CHANNELS<\/h4>\t\t\t\t<\/div>\n\t\t\t\t<\/div>\n\t\t\t\t\t<\/div>\n\t\t\t\t<\/div>\n\t\t<div class=\"elementor-element elementor-element-572ec596 e-con-full e-flex e-con e-child\" data-id=\"572ec596\" data-element_type=\"container\" data-e-type=\"container\">\n\t\t\t\t<div class=\"elementor-element elementor-element-62903ec4 elementor-widget elementor-widget-text-editor\" data-id=\"62903ec4\" data-element_type=\"widget\" data-e-type=\"widget\" data-widget_type=\"text-editor.default\">\n\t\t\t\t<div class=\"elementor-widget-container\">\n\t\t\t\t\t\t\t\t\t<p style= \"color: #FF4D00\n\">DIRECTPROVIDER PROVEDOR DE TECNOLOGIAS DA INFORMA\u00c7\u00c3O E COMUNICA\u00c7\u00c3O LTDA <\/p>\n\nCom sede pr\u00f3pria \u00e0 Rua Samuel Morse, n\u00ba 74, 4\u00ba Andar, Cjtos. 43\/44, CEP 04576-\n060, Bairro do Brooklin, Munic\u00edpio de S\u00e3o Paulo, Estado de S\u00e3o Paulo, portadora CNPJ\/MF\n09.344.291\/0001-00.\t\t\t\t\t\t\t\t<\/div>\n\t\t\t\t<\/div>\n\t\t\t\t<\/div>\n\t\t\t\t<\/div>\n\t\t\t\t<\/div>\n\t\t\t\t\t<\/div>\n\t\t\t\t<\/div>\n\t\t\t\t<\/div>\n\t\t","protected":false},"excerpt":{"rendered":"<p>Indica\u00e7\u00f5es Produtos Suporte Servi\u00e7os Faturamento Detalhado Total P.Fisica P. Juridica Acompanhe o seu faturamento. Caso tenho algo de errado com suas comis\u00f5es, em contato: desenvolvimento@grupodirectweb.com.br Nome Tipo Comiss\u00e3o Parcelas SALES.CHANNELS DIRECTPROVIDER PROVEDOR DE TECNOLOGIAS DA INFORMA\u00c7\u00c3O E COMUNICA\u00c7\u00c3O LTDA Com sede pr\u00f3pria \u00e0 Rua Samuel Morse, n\u00ba 74, 4\u00ba Andar, Cjtos. 43\/44, CEP 04576- 060, [&hellip;]<\/p>\n","protected":false},"author":3,"featured_media":0,"parent":0,"menu_order":0,"comment_status":"closed","ping_status":"closed","template":"elementor_canvas","meta":{"_acf_changed":false,"pmpro_default_level":"","footnotes":""},"class_list":["post-4803","page","type-page","status-publish","hentry","pmpro-has-access"],"acf":[],"_links":{"self":[{"href":"https:\/\/partner.grupodirectweb.com.br\/index.php\/wp-json\/wp\/v2\/pages\/4803","targetHints":{"allow":["GET"]}}],"collection":[{"href":"https:\/\/partner.grupodirectweb.com.br\/index.php\/wp-json\/wp\/v2\/pages"}],"about":[{"href":"https:\/\/partner.grupodirectweb.com.br\/index.php\/wp-json\/wp\/v2\/types\/page"}],"author":[{"embeddable":true,"href":"https:\/\/partner.grupodirectweb.com.br\/index.php\/wp-json\/wp\/v2\/users\/3"}],"replies":[{"embeddable":true,"href":"https:\/\/partner.grupodirectweb.com.br\/index.php\/wp-json\/wp\/v2\/comments?post=4803"}],"version-history":[{"count":82,"href":"https:\/\/partner.grupodirectweb.com.br\/index.php\/wp-json\/wp\/v2\/pages\/4803\/revisions"}],"predecessor-version":[{"id":5626,"href":"https:\/\/partner.grupodirectweb.com.br\/index.php\/wp-json\/wp\/v2\/pages\/4803\/revisions\/5626"}],"wp:attachment":[{"href":"https:\/\/partner.grupodirectweb.com.br\/index.php\/wp-json\/wp\/v2\/media?parent=4803"}],"curies":[{"name":"wp","href":"https:\/\/api.w.org\/{rel}","templated":true}]}}